{"id":60,"date":"2014-01-15T13:02:41","date_gmt":"2014-01-15T12:02:41","guid":{"rendered":"http:\/\/tobiasherrmann.com\/bachhuber\/?page_id=60"},"modified":"2016-03-03T10:56:22","modified_gmt":"2016-03-03T09:56:22","slug":"impressum","status":"publish","type":"page","link":"https:\/\/fleischerei-bachhuber.de\/index.php\/impressum\/","title":{"rendered":"Impressum"},"content":{"rendered":"<p><img loading=\"lazy\" decoding=\"async\" class=\"alignnone size-full wp-image-43\" src=\"https:\/\/fleischerei-bachhuber.de\/wp-content\/uploads\/2016\/03\/Bachhuber-Filialen-2016.jpg\" alt=\"5x f\u00fcr Sie da\" width=\"750\" height=\"420\" \/><\/p>\n<p>Anbieter: Fleischerei J\u00fcrgen Bachhuber GmbH<br \/>\nFirmensitz: G\u00fcntzelstra\u00dfe 47, 10717 Berlin<br \/>\nGesch\u00e4ftsf\u00fchrer: Gabriela Klapproth<br \/>\nTel.: 030 873 21 15<br \/>\nFax: 030 873 95 34<br \/>\nVerantwortlich f\u00fcr den Inhalt: Fleischerei Bachhuber GmbH<br \/>\nE-Mail: klapproth@fleischerei-bachhuber.de<br \/>\nURL: www.fleischerei-bachhuber.de<br \/>\nUst-IdNr.: DE 2703604398<\/p>\n<p>Gestaltung und Programmierung dieses Web-Auftritts:<br \/>\n<a href=\"http:\/\/www.buchstaben-buero.de\/\" target=\"_blank\">das buchstaben-b\u00fcro<\/a> und <a title=\"schmittarbeit\" href=\"http:\/\/www.schmittarbeit.de\/\" target=\"_blank\">schmittarbeit<\/a><\/p>\n<p>Haftungshinweis: Trotz sorgf\u00e4ltiger inhaltlicher Kontrolle \u00fcbernehmen wir keine Haftung f\u00fcr die Inhalte externer Links. F\u00fcr den Inhalt der verlinkten Seiten sind ausschlie\u00dflich deren Betreiber verantwortlich.<\/p>\n<p>Copyright \u00a9 2013\/2014 Fleischerei Bachhuber GmbH. Alle Rechte vorbehalten.<br \/>\nFleischerei Bachhuber GmbH, G\u00fcntzelstra\u00dfe 47, 10717 Berlin, 03303\u201350 83 15.<\/p>\n<p>Bei technischen Fragen zu unserem Online-Angebot wenden Sie sich bitte an <a href=\"mailto:klapproth@fleischerei-bachhuber.de\">klapproth@fleischerei-bachhuber.de<\/a>.<\/p>\n<p>Bildnachweis: Fotolia.de<\/p>\n","protected":false},"excerpt":{"rendered":"<p>Anbieter: Fleischerei J\u00fcrgen Bachhuber GmbH Firmensitz: G\u00fcntzelstra\u00dfe 47, 10717 Berlin Gesch\u00e4ftsf\u00fchrer: Gabriela Klapproth Tel.: 030 873 21 15 Fax: 030 873 95 34 Verantwortlich f\u00fcr den Inhalt: Fleischerei Bachhuber GmbH E-Mail: klapproth@fleischerei-bachhuber.de URL: www.fleischerei-bachhuber.de Ust-IdNr.: DE 2703604398 Gestaltung und Programmierung dieses Web-Auftritts: das buchstaben-b\u00fcro und schmittarbeit Haftungshinweis: Trotz sorgf\u00e4ltiger inhaltlicher Kontrolle \u00fcbernehmen wir keine Haftung [&hellip;]<\/p>\n","protected":false},"author":4,"featured_media":0,"parent":0,"menu_order":0,"comment_status":"closed","ping_status":"open","template":"","meta":{"footnotes":""},"class_list":["post-60","page","type-page","status-publish","hentry"],"yoast_head":"<!-- This site is optimized with the Yoast SEO plugin v26.6 - https:\/\/yoast.com\/wordpress\/plugins\/seo\/ -->\n<title>Impressum - Fleischerei Bachhuber<\/title>\n<meta name=\"robots\" content=\"index, follow, max-snippet:-1, max-image-preview:large, max-video-preview:-1\" \/>\n<link rel=\"canonical\" href=\"https:\/\/fleischerei-bachhuber.de\/index.php\/impressum\/\" \/>\n<meta property=\"og:locale\" content=\"de_DE\" \/>\n<meta property=\"og:type\" content=\"article\" \/>\n<meta property=\"og:title\" content=\"Impressum - Fleischerei Bachhuber\" \/>\n<meta property=\"og:description\" content=\"Anbieter: Fleischerei J\u00fcrgen Bachhuber GmbH Firmensitz: G\u00fcntzelstra\u00dfe 47, 10717 Berlin Gesch\u00e4ftsf\u00fchrer: Gabriela Klapproth Tel.: 030 873 21 15 Fax: 030 873 95 34 Verantwortlich f\u00fcr den Inhalt: Fleischerei Bachhuber GmbH E-Mail: klapproth@fleischerei-bachhuber.de URL: www.fleischerei-bachhuber.de Ust-IdNr.: DE 2703604398 Gestaltung und Programmierung dieses Web-Auftritts: das buchstaben-b\u00fcro und schmittarbeit Haftungshinweis: Trotz sorgf\u00e4ltiger inhaltlicher Kontrolle \u00fcbernehmen wir keine Haftung [&hellip;]\" \/>\n<meta property=\"og:url\" content=\"https:\/\/fleischerei-bachhuber.de\/index.php\/impressum\/\" \/>\n<meta property=\"og:site_name\" content=\"Fleischerei Bachhuber\" \/>\n<meta property=\"article:modified_time\" content=\"2016-03-03T09:56:22+00:00\" \/>\n<meta property=\"og:image\" content=\"https:\/\/fleischerei-bachhuber.de\/wp-content\/uploads\/2016\/03\/Bachhuber-Filialen-2016.jpg\" \/>\n<meta name=\"twitter:card\" content=\"summary_large_image\" \/>\n<meta name=\"twitter:label1\" content=\"Gesch\u00e4tzte Lesezeit\" \/>\n\t<meta name=\"twitter:data1\" content=\"1\u00a0Minute\" \/>\n<script type=\"application\/ld+json\" class=\"yoast-schema-graph\">{\"@context\":\"https:\/\/schema.org\",\"@graph\":[{\"@type\":\"WebPage\",\"@id\":\"https:\/\/fleischerei-bachhuber.de\/index.php\/impressum\/\",\"url\":\"https:\/\/fleischerei-bachhuber.de\/index.php\/impressum\/\",\"name\":\"Impressum - Fleischerei Bachhuber\",\"isPartOf\":{\"@id\":\"https:\/\/fleischerei-bachhuber.de\/#website\"},\"primaryImageOfPage\":{\"@id\":\"https:\/\/fleischerei-bachhuber.de\/index.php\/impressum\/#primaryimage\"},\"image\":{\"@id\":\"https:\/\/fleischerei-bachhuber.de\/index.php\/impressum\/#primaryimage\"},\"thumbnailUrl\":\"https:\/\/fleischerei-bachhuber.de\/wp-content\/uploads\/2016\/03\/Bachhuber-Filialen-2016.jpg\",\"datePublished\":\"2014-01-15T12:02:41+00:00\",\"dateModified\":\"2016-03-03T09:56:22+00:00\",\"breadcrumb\":{\"@id\":\"https:\/\/fleischerei-bachhuber.de\/index.php\/impressum\/#breadcrumb\"},\"inLanguage\":\"de\",\"potentialAction\":[{\"@type\":\"ReadAction\",\"target\":[\"https:\/\/fleischerei-bachhuber.de\/index.php\/impressum\/\"]}]},{\"@type\":\"ImageObject\",\"inLanguage\":\"de\",\"@id\":\"https:\/\/fleischerei-bachhuber.de\/index.php\/impressum\/#primaryimage\",\"url\":\"https:\/\/fleischerei-bachhuber.de\/wp-content\/uploads\/2016\/03\/Bachhuber-Filialen-2016.jpg\",\"contentUrl\":\"https:\/\/fleischerei-bachhuber.de\/wp-content\/uploads\/2016\/03\/Bachhuber-Filialen-2016.jpg\",\"width\":750,\"height\":420},{\"@type\":\"BreadcrumbList\",\"@id\":\"https:\/\/fleischerei-bachhuber.de\/index.php\/impressum\/#breadcrumb\",\"itemListElement\":[{\"@type\":\"ListItem\",\"position\":1,\"name\":\"Startseite\",\"item\":\"https:\/\/fleischerei-bachhuber.de\/\"},{\"@type\":\"ListItem\",\"position\":2,\"name\":\"Impressum\"}]},{\"@type\":\"WebSite\",\"@id\":\"https:\/\/fleischerei-bachhuber.de\/#website\",\"url\":\"https:\/\/fleischerei-bachhuber.de\/\",\"name\":\"Fleischerei Bachhuber\",\"description\":\"Ihr Spezialist f\u00fcr Wurst, Fleisch, Gefl\u00fcgel, Wild und Partyservice\",\"publisher\":{\"@id\":\"https:\/\/fleischerei-bachhuber.de\/#organization\"},\"potentialAction\":[{\"@type\":\"SearchAction\",\"target\":{\"@type\":\"EntryPoint\",\"urlTemplate\":\"https:\/\/fleischerei-bachhuber.de\/?s={search_term_string}\"},\"query-input\":{\"@type\":\"PropertyValueSpecification\",\"valueRequired\":true,\"valueName\":\"search_term_string\"}}],\"inLanguage\":\"de\"},{\"@type\":\"Organization\",\"@id\":\"https:\/\/fleischerei-bachhuber.de\/#organization\",\"name\":\"Fleischerei Bachhuber\",\"url\":\"https:\/\/fleischerei-bachhuber.de\/\",\"logo\":{\"@type\":\"ImageObject\",\"inLanguage\":\"de\",\"@id\":\"https:\/\/fleischerei-bachhuber.de\/#\/schema\/logo\/image\/\",\"url\":\"https:\/\/fleischerei-bachhuber.de\/wp-content\/uploads\/2019\/09\/IMG_5953.jpg\",\"contentUrl\":\"https:\/\/fleischerei-bachhuber.de\/wp-content\/uploads\/2019\/09\/IMG_5953.jpg\",\"width\":1280,\"height\":786,\"caption\":\"Fleischerei Bachhuber\"},\"image\":{\"@id\":\"https:\/\/fleischerei-bachhuber.de\/#\/schema\/logo\/image\/\"}}]}<\/script>\n<!-- \/ Yoast SEO plugin. -->","yoast_head_json":{"title":"Impressum - Fleischerei Bachhuber","robots":{"index":"index","follow":"follow","max-snippet":"max-snippet:-1","max-image-preview":"max-image-preview:large","max-video-preview":"max-video-preview:-1"},"canonical":"https:\/\/fleischerei-bachhuber.de\/index.php\/impressum\/","og_locale":"de_DE","og_type":"article","og_title":"Impressum - Fleischerei Bachhuber","og_description":"Anbieter: Fleischerei J\u00fcrgen Bachhuber GmbH Firmensitz: G\u00fcntzelstra\u00dfe 47, 10717 Berlin Gesch\u00e4ftsf\u00fchrer: Gabriela Klapproth Tel.: 030 873 21 15 Fax: 030 873 95 34 Verantwortlich f\u00fcr den Inhalt: Fleischerei Bachhuber GmbH E-Mail: klapproth@fleischerei-bachhuber.de URL: www.fleischerei-bachhuber.de Ust-IdNr.: DE 2703604398 Gestaltung und Programmierung dieses Web-Auftritts: das buchstaben-b\u00fcro und schmittarbeit Haftungshinweis: Trotz sorgf\u00e4ltiger inhaltlicher Kontrolle \u00fcbernehmen wir keine Haftung [&hellip;]","og_url":"https:\/\/fleischerei-bachhuber.de\/index.php\/impressum\/","og_site_name":"Fleischerei Bachhuber","article_modified_time":"2016-03-03T09:56:22+00:00","og_image":[{"url":"https:\/\/fleischerei-bachhuber.de\/wp-content\/uploads\/2016\/03\/Bachhuber-Filialen-2016.jpg","type":"","width":"","height":""}],"twitter_card":"summary_large_image","twitter_misc":{"Gesch\u00e4tzte Lesezeit":"1\u00a0Minute"},"schema":{"@context":"https:\/\/schema.org","@graph":[{"@type":"WebPage","@id":"https:\/\/fleischerei-bachhuber.de\/index.php\/impressum\/","url":"https:\/\/fleischerei-bachhuber.de\/index.php\/impressum\/","name":"Impressum - Fleischerei Bachhuber","isPartOf":{"@id":"https:\/\/fleischerei-bachhuber.de\/#website"},"primaryImageOfPage":{"@id":"https:\/\/fleischerei-bachhuber.de\/index.php\/impressum\/#primaryimage"},"image":{"@id":"https:\/\/fleischerei-bachhuber.de\/index.php\/impressum\/#primaryimage"},"thumbnailUrl":"https:\/\/fleischerei-bachhuber.de\/wp-content\/uploads\/2016\/03\/Bachhuber-Filialen-2016.jpg","datePublished":"2014-01-15T12:02:41+00:00","dateModified":"2016-03-03T09:56:22+00:00","breadcrumb":{"@id":"https:\/\/fleischerei-bachhuber.de\/index.php\/impressum\/#breadcrumb"},"inLanguage":"de","potentialAction":[{"@type":"ReadAction","target":["https:\/\/fleischerei-bachhuber.de\/index.php\/impressum\/"]}]},{"@type":"ImageObject","inLanguage":"de","@id":"https:\/\/fleischerei-bachhuber.de\/index.php\/impressum\/#primaryimage","url":"https:\/\/fleischerei-bachhuber.de\/wp-content\/uploads\/2016\/03\/Bachhuber-Filialen-2016.jpg","contentUrl":"https:\/\/fleischerei-bachhuber.de\/wp-content\/uploads\/2016\/03\/Bachhuber-Filialen-2016.jpg","width":750,"height":420},{"@type":"BreadcrumbList","@id":"https:\/\/fleischerei-bachhuber.de\/index.php\/impressum\/#breadcrumb","itemListElement":[{"@type":"ListItem","position":1,"name":"Startseite","item":"https:\/\/fleischerei-bachhuber.de\/"},{"@type":"ListItem","position":2,"name":"Impressum"}]},{"@type":"WebSite","@id":"https:\/\/fleischerei-bachhuber.de\/#website","url":"https:\/\/fleischerei-bachhuber.de\/","name":"Fleischerei Bachhuber","description":"Ihr Spezialist f\u00fcr Wurst, Fleisch, Gefl\u00fcgel, Wild und Partyservice","publisher":{"@id":"https:\/\/fleischerei-bachhuber.de\/#organization"},"potentialAction":[{"@type":"SearchAction","target":{"@type":"EntryPoint","urlTemplate":"https:\/\/fleischerei-bachhuber.de\/?s={search_term_string}"},"query-input":{"@type":"PropertyValueSpecification","valueRequired":true,"valueName":"search_term_string"}}],"inLanguage":"de"},{"@type":"Organization","@id":"https:\/\/fleischerei-bachhuber.de\/#organization","name":"Fleischerei Bachhuber","url":"https:\/\/fleischerei-bachhuber.de\/","logo":{"@type":"ImageObject","inLanguage":"de","@id":"https:\/\/fleischerei-bachhuber.de\/#\/schema\/logo\/image\/","url":"https:\/\/fleischerei-bachhuber.de\/wp-content\/uploads\/2019\/09\/IMG_5953.jpg","contentUrl":"https:\/\/fleischerei-bachhuber.de\/wp-content\/uploads\/2019\/09\/IMG_5953.jpg","width":1280,"height":786,"caption":"Fleischerei Bachhuber"},"image":{"@id":"https:\/\/fleischerei-bachhuber.de\/#\/schema\/logo\/image\/"}}]}},"_links":{"self":[{"href":"https:\/\/fleischerei-bachhuber.de\/index.php\/wp-json\/wp\/v2\/pages\/60","targetHints":{"allow":["GET"]}}],"collection":[{"href":"https:\/\/fleischerei-bachhuber.de\/index.php\/wp-json\/wp\/v2\/pages"}],"about":[{"href":"https:\/\/fleischerei-bachhuber.de\/index.php\/wp-json\/wp\/v2\/types\/page"}],"author":[{"embeddable":true,"href":"https:\/\/fleischerei-bachhuber.de\/index.php\/wp-json\/wp\/v2\/users\/4"}],"replies":[{"embeddable":true,"href":"https:\/\/fleischerei-bachhuber.de\/index.php\/wp-json\/wp\/v2\/comments?post=60"}],"version-history":[{"count":15,"href":"https:\/\/fleischerei-bachhuber.de\/index.php\/wp-json\/wp\/v2\/pages\/60\/revisions"}],"predecessor-version":[{"id":210,"href":"https:\/\/fleischerei-bachhuber.de\/index.php\/wp-json\/wp\/v2\/pages\/60\/revisions\/210"}],"wp:attachment":[{"href":"https:\/\/fleischerei-bachhuber.de\/index.php\/wp-json\/wp\/v2\/media?parent=60"}],"curies":[{"name":"wp","href":"https:\/\/api.w.org\/{rel}","templated":true}]}}